inder when d/(-16) - 146/(-8) is divided by p.
8
Let u(z) be the third derivative of z**6/120 + z**5/60 + z**4/24 - 3*z**2. Let a be u(-1). Let k = a - -3. Calculate the remainder when 4 is divided by k.
0
Suppose 2*y = 81 + 19. Let g = -2 - -9. What is the remainder when g is divided by y/18 - 6/(-27)?
1
What is the remainder when 87 is divided by (-33)/((-4)/18 + 253/(-198))?
21
Let w(x) = 7*x. Calculate the remainder when (2/(-8))/((-13)/676) is divided by w(1).
6
Let y = 81 + -53. Calculate the remainder when y is divided by 5.
3
Let v(i) = -20*i**3 - i**2 + 1. Suppose -15*l + 1170 = -0*l. What is the remainder when l is divided by v(-1)?
18
Suppose -4*r + 2*q - 4*q = -184, 0 = -5*r + 2*q + 239. Calculate the remainder when r is divided by 1/(-3) - 49/(-3).
15
Suppose 0 = -4*n + 56 - 16. Calculate the remainder when 36 is divided by n.
6
What is the remainder when 24 is divided by (-12 + 11)/((-1)/9)?
6
Let h be 1*(-5 + 2)/3. Let b be (1 + 0)*h*-8. Suppose 2*n + 28 = 3*m, -m - b = 3*n - 32. What is the remainder when m is divided by 7?
5
Let d = 29 + -18. Calculate the remainder when d is divided by 2.
1
Let u = 2 + -1. Suppose -84 = -0*k - 6*k. What is the remainder when 1/(u*2/52) is divided by k?
12
Suppose w - 2*m = 63, 0*w = -w - 4*m + 75. What is the remainder when w is divided by 18?
13
Suppose 6 + 30 = 4*j. Calculate the remainder when 42 is divided by j.
6
Suppose 4*i = 4*f + 172, 0*f + 2*f - 2 = 0. Suppose -v - v = -i. What is the remainder when v is divided by 12?
10
Suppose 0 = -5*a + a + 16. Suppose -2*r - 10 = -a*r. Let c = 1 - -1. Calculate the remainder when r is divided by c.
1
Let r = -9 + 11. Let h(k) = k**2 + 2*k + 1. What is the remainder when 16 is divided by h(r)?
7
Let z(b) = -3*b + 2. Let l be z(4). Let y(c) = c**2 + c + 4. Calculate the remainder when y(-6) is divided by (-186)/l + 18/(-30).
16
Suppose 0 = 4*t - 57 + 1. What is the remainder when t is divided by 5?
4
Suppose w = -2*a + 8, 2*w + w - 3*a = 42. What is the remainder when 10 is divided by ((-10)/6)/((-4)/w)?
0
Let v(m) be the second derivative of -m**4/12 - 4*m**3/3 + m**2/2 - 7*m. What is the remainder when 46 is divided by v(-5)?
14
Let o be 24 - ((-6)/(-2))/3. Suppose 2*j = -0*j - 10, -4*j = -r + o. Let h(q) = 14*q + 1. What is the remainder when h(r) is divided by 15?
13
Let j(r) = 2*r**3 - 2*r**2 + 3*r - 3. Let i be j(3). Suppose -q - i = -4*q. Let h(w) = 5*w + 1. What is the remainder when h(5) is divided by q?
12
Suppose 0 = -7*w + 3*w - 8. Let y be w/1 - (-42 - -3). Suppose -m - 3*x = -6, 5*m + x - y = 3*m. Calculate the remainder when 61 is divided by m.
19
Suppose -122 = -4*l + 166. Suppose 4*k = 4*i - l, 2*i - 10 = 4*k + 24. Let b = 39 - 28. Calculate the remainder when i is divided by b.
8
Calculate the remainder when 29 is divided by ((-88)/(-20))/(8/20).
7
Let g = 40 + -27. Let m be 6/(-4) + 2/(-4). What is the remainder when g is divided by (10/(-6))/(m/6)?
3
Let d(x) = -x**2 + 9*x + 7. What is the remainder when d(7) is divided by 8?
5
What is the remainder when -3 + ((-114)/(-3) - 0) is divided by 2/6 - (-53)/3?
17
Let g(f) = f**3 + 4*f**2 - 3*f - 1. Let k(r) = r**3 - 13*r**2 - 14*r - 4. Let o be k(14). Calculate the remainder when 21 is divided by g(o).
10
Suppose 4*a - 9*a = -95. Suppose 0 = 5*y - 3*b - 274, -y + 45 + a = 4*b. What is the remainder when y is divided by 19?
18
Let q(t) = 6 + t**3 - 2*t**3 + 6*t + 7*t**2 + 0. Let s be q(8). Let j = s + 19. Calculate the remainder when 16 is divided by j.
7
Let v = -83 - -54. Let a = v + 41. Calculate the remainder when 46 is divided by a.
10
Let j = 143 - 80. Let f = 135 - j. What is the remainder when f is divided by 15?
12
Let s(u) be the first derivative of u**3/3 - 5*u**2/2 + u - 2. Calculate the remainder when s(9) is divided by 10.
7
Suppose -3*i = 3*g + 2*i - 35, 3*i - 12 = 0. Calculate the remainder when 17 is divided by g.
2
Let l(c) = 7*c - 2. Let x be l(2). Suppose -3*k + 150 = -x. Calculate the remainder when k is divided by 14.
12
Let u(l) = 7*l**2 + l. Suppose 4*g - 56 = 2*i - 0*i, 3*i - 12 = 0. Suppose -5*s + g = -99. Calculate the remainder when s is divided by u(1).
7
Suppose -2*p = 5*i + 17, -3*p = -p - 5*i + 7. Let j = p - -6. Suppose j = -4*n + 2*g + 38, -n + g - 2*g = -14. Calculate the remainder when 31 is divided by n.
9
Suppose -3*z + 4*z = -5*m + 104, 5*m - 500 = -5*z. What is the remainder when z is divided by 25?
24
Suppose 6 - 211 = -3*o + 4*l, 4*o - 272 = 4*l. Suppose 0 = 5*b + 17 - o. Suppose 0 = f + 4*f - 185. What is the remainder when f is divided by b?
7
Suppose 4*h = -5*y + 23, 4*y - 5*h - 6 + 4 = 0. Let z(w) = -w**3 - w**2 + w + 5. Calculate the remainder when z(0) is divided by y.
2
Let v be (-2)/(-3) + 14/6. Suppose 0 = -4*d + v + 5. What is the remainder when (70/8)/(d/8) is divided by 12?
11
Let s = -26 + 38. Calculate the remainder when 23 is divided by s.
11
Let x(l) = -l**2 + 20*l + 15. Calculate the remainder when x(19) is divided by 7.
6
Suppose -7*w = 2*r - 3*w - 94, -3*r + 106 = -w. What is the remainder when r is divided by 19?
18
Suppose 34*o - 36*o = -64. Calculate the remainder when o is divided by 15.
2
Let t be (-44)/(-8) - (-1)/(-2). Suppose -t*s = 37 - 267. Calculate the remainder when (1*-2)/((-2)/s) is divided by 16.
14
Let g = 1 - -14. Calculate the remainder when g is divided by 4.
3
Let a = 183 + -177. What is the remainder when 64 is divided by a?
4
Let p(n) = -n**3 + 9*n**2 - 7*n + 4. Calculate the remainder when 103 is divided by p(8).
7
Let u(a) be the second derivative of a**4/2 - 5*a**3/6 + 5*a**2/2 + 8*a. What is the remainder when u(2) is divided by 11?
8
Suppose 4*r + 20 = 0, r + 1 = 2*m - 6. Suppose n + 7 = -m. Let u = n - -30. Calculate the remainder when u is divided by 8.
6
Let v(i) = 10*i - 51. What is the remainder when v(17) is divided by 15?
14
Let i(b) = b + 14. Calculate the remainder when 39 is divided by i(0).
11
Let j(f) = 39*f**3 - f**2. Suppose -b - 11 = -2*z - 0*z, 5*z = b + 26. Calculate the remainder when j(1) is divided by 2 - (-5*2 + b).
12
Suppose 2*s - 4 = 12. Calculate the remainder when 15 is divided by s.
7
Suppose -2*y = -0*y + 26. Let t = y - -18. Calculate the remainder when 19 is divided by t.
4
What is the remainder when (1 + 3)*5/2 is divided by 4?
2
Suppose 176 = 5*b - 3*b. Calculate the remainder when b is divided by 18.
16
Suppose 0 = -4*l + 2*l + 38. What is the remainder when l is divided by 11?
8
Calculate the remainder when 9 is divided by 5*(-3)/(3/(-1)).
4
Let m = 1 + 1. Calculate the remainder when 6 is divided by m.
0
Suppose 0 = 12*n - 16*n + 16. Calculate the remainder when 9 is divided by n.
1
What is the remainder when 50 is divided by (-412)/(-16) - (-1)/4?
24
Let i be (-552)/(-5) - (-30)/50. Suppose 3*l = -0*l + i. Calculate the remainder when l is divided by 19.
18
Let q(v) = 19*v + 8. Calculate the remainder when q(5) is divided by 15.
13
Suppose 4*g - 32 = -0*g - 5*h, 0 = -3*g - 3*h + 24. Let c(u) = 2*u**2 - 7*u - 6. Let z be c(6). Let d = z - g. What is the remainder when d is divided by 9?
7
Calculate the remainder when 45 is divided by (-20)/(-6)*(-90)/(-25).
9
Suppose 0 = -j - 3*t + 20, -j + 2*t = -9 - 1. Calculate the remainder when 28 + (2 - 3) + -1 is divided by j.
12
Let n = -1 + 1. What is the remainder when -4 - n/3 - -68 is divided by 22?
20
Let t = 52 - -8. Suppose -y = 5*d - 45, -3*y + y - 4*d + t = 0. Calculate the remainder when 59 is divided by y.
19
Let p(q) = -3*q + 2. What is the remainder when p(-4) is divided by 6?
2
Let c = 3 + 1. Suppose y - 28 = 5*u, -y + 0*u + c = 3*u. Calculate the remainder when 38 is divided by y.
12
Let p = 37 - 16. Calculate the remainder when 82 is divided by p.
19
Let u(r) = -r**2 + 6*r + 9. Let d be u(7). Suppose 4*g = 5*v - d, 5*g = 3*v + 2 + 2. Calculate the remainder when 4 is divided by v.
0
Let a be (2 - 3) + (-5 - -19). What is the remainder when 38 is divided by a*-1*(-2 - -1)?
12
Suppose 3*y + 5*z - 187 = 0, -2*y + 3*z - 22 + 153 = 0. Suppose -y = -n - 24. What is the remainder when n is divided by 14?
12
Let l(n) = n**3 + 5*n**2 - 5*n + 7. Let b be 19/(-3) + 4/12. Let m be l(b). Calculate the remainder when (m - 0)/((-4)/(-116)) is divided by 10.
9
Suppose 4*a + 5*g = 171, 2*a + 5*g - 79 = 14. Calculate 